is the units digit of m?
8
Suppose -2*f - 318 = -4*v, f = -v - 2*v + 236. Suppose 0 = 5*n - v - 151. What is the units digit of n?
6
Let n = 7 + -2. What is the units digit of n + -2 + 9/1?
2
Suppose 4*n - 3*n = b - 40, 3*b + 4*n - 155 = 0. What is the units digit of b?
5
Suppose -5*b = -5*s - 6*b + 2109, s = b + 423. What is the hundreds digit of s?
4
Suppose 3*w + 61 = 4*w + 4*p, 3*p - 9 = 0. What is the tens digit of w?
4
Let i(u) = u + 10. Let r be i(-8). Suppose -r*b = -11 - 5. Suppose b*g - 30 = 3*g. What is the units digit of g?
6
Let i = -4 - -8. Suppose -2*m - 1 = 5*b, -4*m + i*b = -19 + 7. Let t = 4 - m. What is the units digit of t?
2
Let q be (-4)/16*-2*2. What is the units digit of (-3 - (q - 1)) + 7?
4
Let z = -69 + 105. What is the units digit of z?
6
Suppose 0 = -3*x + 3*i + 69, 6*i = 5*x + 2*i - 119. What is the units digit of x?
7
Let p be 15/(-1 - 2*-1). Let k = -15 + 15. Suppose 5*t - 3*c - p - 11 = k, t = -3*c - 2. What is the units digit of t?
4
Let c(n) be the first derivative of 7*n**4/4 + n**3/3 - 2*n**2 + 2*n + 3. What is the units digit of c(2)?
4
Let u(f) = -3*f + 3. Let w(j) = -19*j + 17. Let v(a) = -39*u(a) + 6*w(a). What is the tens digit of v(12)?
2
Let i(y) be the second derivative of y**4/12 - 2*y**3/3 + y. Let j be i(4). What is the units digit of 12 - j/(1*-3)?
2
Suppose 3*d = -18 - 9. Let q = -7 - d. What is the units digit of q?
2
Let x be (0/1)/(2 - 3). Suppose m = 5*m - 4*j - 100, x = 3*j + 15. Suppose s - m = -4*s. What is the units digit of s?
4
Let y be 1 + -3 + 1 - 58. Let w = y - -82. What is the units digit of w?
3
Suppose -7*n = -3*n - 40. Suppose -7*d - 18 = -n*d. What is the units digit of d?
6
Let x = -6 + 10. Suppose 3*k = -f + 4, -3*k - k = f - 5. Let y = x + f. What is the units digit of y?
5
Let g = 0 - -3. Suppose 2*f + 5 = -g*f, r + 3*f = 11. What is the tens digit of r?
1
Suppose 3*b + 2 + 11 = 4*t, -3 = -t + b. Suppose -2*k - k = 4*q - 30, 0 = 2*q + t*k - 20. What is the units digit of q?
6
Suppose 80 = -2*j - 3*j. Let h = j - -21. What is the units digit of h?
5
Let a(u) = u**3 + 10*u**2 + 5*u - 8. What is the units digit of a(-9)?
8
Let l(i) = -i**3 - 8*i**2 + 2*i + 10. Let k be l(-8). What is the units digit of -4*2*(k + 5)?
8
What is the units digit of ((-48)/(-36))/(109/(-111) - -1)?
4
Let o(q) = -q**2 - 5*q. Let s be o(-5). Suppose s = 4*i + 4, r + i = -r + 41. What is the tens digit of r?
2
Suppose 5*m - 46 = 89. Suppose 7*q + m = 4*q. What is the units digit of ((-3)/q)/(2/6)?
1
Suppose 12 = -4*z - 3*i, 0 = 3*i + i. Let b be (-3)/(-1)*(-2 - z). Suppose 0*p - b*p = -21. What is the units digit of p?
7
What is the units digit of (9988/(-66))/(4/(-6))?
7
Suppose 26 = -4*z - 30. What is the units digit of z*2/4*-2?
4
Let y = 8 - 13. Let h = -1 - y. Let q(v) = 4*v - 5. What is the tens digit of q(h)?
1
Let q(u) = u + 25. What is the units digit of q(21)?
6
Suppose -97 - 57 = -2*m. What is the units digit of (6 + 0)*m/21?
2
Let j(z) = 21*z. Let k be j(5). Let a = k + -67. What is the units digit of a?
8
Suppose 2*q + 4*v = 36, 5*v = q - 3*q + 31. What is the tens digit of q?
2
Let g(k) = 2*k + 3. What is the tens digit of g(13)?
2
Let u = -1 - 2. Let i(t) = -t - 1. Let d be i(u). Suppose -n - j - 2 = 0, 40 = 5*n - 7*j + d*j. What is the units digit of n?
3
Suppose -3*k = -6*o + 5*o + 124, -20 = 5*k. What is the units digit of o?
2
Suppose 3*h = -9 + 21. Suppose h*m = 39 + 37. What is the units digit of m?
9
Let w be 1 + (-3)/(-6)*4. Suppose 4 = -2*y + 2*m, -2*m + 22 = -5*y - w. Let r = y - -15. What is the units digit of r?
8
Suppose -x = 3*x - 2*u - 302, -u = 5*x - 395. What is the tens digit of x?
7
Let c = 30 - -2. What is the units digit of c?
2
Let m(h) = 9*h + 6. Let b = 7 + -2. Let x be m(b). Suppose 0*v + 3*v = x. What is the units digit of v?
7
Suppose -3*z + 2*z = 11. Let j(x) = x**3 + 12*x**2 + 8*x - 7. What is the units digit of j(z)?
6
Suppose -2*w - 5*x + 0*x + 26 = 0, 5*w - 2*x - 7 = 0. What is the units digit of 3/((-9)/(-5))*w?
5
Let a = 31 + -30. What is the units digit of a?
1
Suppose 0 = -3*a - 3, -n + 5*a = -3*n + 5. Suppose 4*f + n*o - 35 = f, -1 = -f + o. What is the units digit of f?
5
Let r(k) = -16*k - 67. What is the tens digit of r(-15)?
7
Let w = 21 - 6. Suppose 5*v = 2*v + w. What is the units digit of v?
5
Let g = -1 - -5. Suppose -3*m = -2*v - 44, -g*m + 44 + 10 = -5*v. What is the tens digit of m?
1
Let o(y) = y**3 + 7*y**2 + 6*y + 7. Suppose 3*s = -3*x - 18, 0*x = x - s + 6. What is the units digit of o(x)?
7
What is the units digit of (10 - -5) + -3*1?
2
Suppose y = 5*a + 24, -y - 3*a = -a + 4. Suppose h + 2*h + y*s = 2, 4*h = -5*s + 3. Suppose h*m + d = 16, 0*m - 3*d = 3*m - 21. What is the units digit of m?
9
Let v be 5/(10/124) + 0. Suppose 5*n - 161 + 6 = 3*c, c = -2*n + v. What is the tens digit of n?
3
Let h(j) be the first derivative of -j**3/3 + 2*j**2 + 4*j - 3. Let f be h(5). Let o(y) = -7*y**3 + y. What is the units digit of o(f)?
6
Let d be 1/((-1)/(1 - 3)). What is the tens digit of 22/(d/(-8)*-4)?
2
Let h be 3 + -14 + 3/1. Let a be (h - -7)*16*2. What is the units digit of -3 - (1 - a/(-2))?
2
Suppose 0 = 4*r - 45 - 19. Let z = -8 + r. What is the units digit of z?
8
Let n(i) be the first derivative of -i**3/3 - 7*i**2/2 - i + 1. Let d be n(-6). Let p = -2 + d. What is the units digit of p?
3
Suppose -4*o + 128 + 184 = 0. What is the tens digit of o?
7
Let q be 3*3*2/6. Let i = q - 2. What is the units digit of i?
1
What is the units digit of (2/4)/(7/1442)?
3
Let g(r) = -r + 4. Let u be 2/(-11) - 228/(-44). Let k be g(u). Let v(b) = -13*b. What is the tens digit of v(k)?
1
Let n(b) = b**2 + 2. Let k be n(0). Suppose -z = -k*z. Suppose 0 = -z*o - o + 1. What is the units digit of o?
1
Suppose 0 = 4*j - 8. Suppose 56 = j*n - 0*n. What is the tens digit of n?
2
Let c(p) = 7*p**3 + p**2. Let y be c(-1). Let v = -5 - y. What is the units digit of v?
1
Suppose -2*d = 7 - 55. Let j = 2 + d. Suppose 0 = 2*z + 10 - j. What is the units digit of z?
8
Suppose -w + 1 = -2. Suppose -2 + 17 = w*m. What is the units digit of m?
5
Let k(d) = -2*d - 3. Let o be k(-5). Let r(b) = b - 2. What is the units digit of r(o)?
5
Suppose 12*j - 9*j = 18. What is the units digit of j?
6
Let q = 27 - -1. Suppose q = 5*s - 2. What is the units digit of s?
6
Let d(a) = -4*a**3 - a**2 - a - 1. Let s be d(-1). Suppose s*m + 10 = 22. Suppose -r - 3 = -m*r. What is the units digit of r?
1
What is the units digit of -6*(8/12)/(-2)?
2
Let n = 14 + -13. What is the units digit of n?
1
Let o(h) = -h**2 + 4*h + 1. Let u be o(4). Let a(n) = -2*n + n**2 - u + 0 - 2*n**2 - n**3. What is the units digit of a(-2)?
7
Let h be 2/3 + 1/3. Suppose 0 = 4*n - h - 3. Let l = n - 0. What is the units digit of l?
1
Suppose -2*k + 23 = -29. Suppose 5*t - 41 - 36 = 2*y, 2*t + 4*y = k. What is the units digit of t?
5
Suppose -2*w + i - 4*i + 170 = 0, -2*i = 4. What is the tens digit of w?
8
Let o be 4/(-10) + 26/(-10). Let v(f) = 4*f**2 - 3*f - 4. Let i(h) = -9*h**2 + 7*h + 9. Let j(y) = 3*i(y) + 7*v(y). What is the units digit of j(o)?
8
Let s(a) be the first derivative of a**3/3 - 2*a**2 - 7*a + 4. What is the units digit of s(8)?
5
Suppose -5*x - k - 35 = 0, 3*k = -0*k. Let q = x + 4. Let t = q + 4. What is the units digit of t?
1
What is the tens digit of 3 - ((-20)/5 + -27)?
3
Let h = -23 - -52. What is the tens digit of h?
2
Suppose 5*b - 2*a - 17 = 2, 4*b - 17 = a. Suppose -31 = b*g - 81. What is the tens digit of g?
1
What is the tens digit of 3 - 6 - 49/(-1)?
4
Let t(j) = j**3 + 9*j**2 + 3*j - 9. What is the units digit of t(-8)?
1
Let h be (5 - 8)*(-1 - -8). What is the units digit of (-242)/(-5) + h/(-35)?
9
Suppose 611 = 5*j + 96. What is the hundreds digit of j?
1
What is the units digit of (-2)/(-7) + 556/14?
0
Let w(z) = 5*z - 3. Let p(s) = -14*s + 8. Let t(j) = -4*p(j) - 11*w(j). Let u be t(-1). Suppose u = -5*l + 8*l - 39. What is the units digit of l?
3
Suppose 0*w = -4*w + 4*x + 392, 0 = -2*w - 2*x + 180. What is the units digit of w?
4
Suppose 7*q - 55 = 92. What is the units digit of q?
1
Suppose -2*a = a - 42. What is the units digit of a?
4
Let z(n) = -12*n + 10. What is the hundreds digit of z(-9)?
1
Let w(b) = b - 2. Let n be w(5). Let x be 2/(-10) - n/(-15). Su